{"id":2,"date":"2020-09-21T08:46:41","date_gmt":"2020-09-21T06:46:41","guid":{"rendered":"https:\/\/haeckl02.bn-paf.de\/?page_id=2"},"modified":"2023-12-29T22:17:48","modified_gmt":"2023-12-29T21:17:48","slug":"sample-page","status":"publish","type":"page","link":"https:\/\/haeckl02.bn-paf.de\/index.php\/sample-page\/","title":{"rendered":"\u00dcber mich"},"content":{"rendered":"\n<div class=\"wp-block-columns is-layout-flex wp-container-6 wp-block-columns-is-layout-flex\">\n<div class=\"wp-block-column is-layout-flow wp-block-column-is-layout-flow\" style=\"flex-basis:100%\">\n<div class=\"wp-block-columns is-layout-flex wp-container-4 wp-block-columns-is-layout-flex\">\n<div class=\"wp-block-column is-layout-flow wp-block-column-is-layout-flow\" style=\"flex-basis:100%\">\n<div class=\"wp-block-cover aligncenter is-light has-custom-content-position is-position-bottom-left wp-duotone-unset-1\" style=\"min-height:431px\"><span aria-hidden=\"true\" class=\"wp-block-cover__background has-background-dim\"><\/span><img decoding=\"async\" loading=\"lazy\" width=\"2048\" height=\"1349\" class=\"wp-block-cover__image-background wp-image-1782\" alt=\"\" src=\"https:\/\/haeckl02.bn-paf.de\/wp-content\/uploads\/2023\/06\/AT8A0783.jpg\" style=\"object-position:47% 71%\" data-object-fit=\"cover\" data-object-position=\"47% 71%\" srcset=\"https:\/\/haeckl02.bn-paf.de\/wp-content\/uploads\/2023\/06\/AT8A0783.jpg 2048w, https:\/\/haeckl02.bn-paf.de\/wp-content\/uploads\/2023\/06\/AT8A0783-300x198.jpg 300w, https:\/\/haeckl02.bn-paf.de\/wp-content\/uploads\/2023\/06\/AT8A0783-1024x675.jpg 1024w, https:\/\/haeckl02.bn-paf.de\/wp-content\/uploads\/2023\/06\/AT8A0783-768x506.jpg 768w, https:\/\/haeckl02.bn-paf.de\/wp-content\/uploads\/2023\/06\/AT8A0783-1536x1012.jpg 1536w, https:\/\/haeckl02.bn-paf.de\/wp-content\/uploads\/2023\/06\/AT8A0783-421x277.jpg 421w\" sizes=\"(max-width: 2048px) 100vw, 2048px\" \/><div class=\"wp-block-cover__inner-container is-layout-flow wp-block-cover-is-layout-flow\">\n<p class=\"has-sitebg-color has-text-color has-large-font-size\">Das Gesicht hinter H\u00e4ckl Lisa Fotografie.<\/p>\n<\/div><\/div>\n<\/div>\n<\/div>\n<\/div>\n<\/div>\n\n\n\n<h3 class=\"wp-block-heading has-text-align-center\"><mark style=\"background-color:rgba(0, 0, 0, 0)\" class=\"has-inline-color has-accent-1-color\">Was gibt es \u00fcber mich zu sagen?<\/mark>  <\/h3>\n\n\n\n<p class=\"has-text-align-center\">Ich bin Mama von 2 wundervollen S\u00f6hnen, verheiratet, liebe es zu lachen, bin\u00a0lebensfroh, authentisch\u00a0und\u00a0detailverliebt,\u00a0ich w\u00fcrde oftmals\u00a0gerne die Zeit anhalten um Momente noch mehr aufsaugen zu k\u00f6nnen, bin ein absoluter Familienmensch, sehr emotional und sehr nahe am Wasser gebaut.\u00a0<\/p>\n\n\n\n<p class=\"has-text-align-center\">Am liebsten sind mir Urlaube am Strand, gutes Essen und ein Aperol-Spritz, ich h\u00f6re gerne die Lieder der 70er Jahre &amp; bin sehr dankbar f\u00fcr all das was ich habe und f\u00fcr all das was ich erleben darf.&nbsp;<\/p>\n\n\n\n<p class=\"has-text-align-center\">Kurz und knapp &#8211; ich liebe mein Leben genau so wie es ist.&nbsp;<\/p>\n\n\n\n<h3 class=\"wp-block-heading has-text-align-center\"><mark style=\"background-color:rgba(0, 0, 0, 0)\" class=\"has-inline-color has-accent-1-color\">Warum fotografiere ich? <\/mark><\/h3>\n\n\n\n<div class=\"wp-block-group is-layout-flow wp-block-group-is-layout-flow\"><div class=\"wp-block-group__inner-container\">\n<div class=\"wp-block-group is-layout-flow wp-block-group-is-layout-flow\"><div class=\"wp-block-group__inner-container\">\n<p class=\"has-text-align-center\"><mark style=\"background-color:rgba(0, 0, 0, 0)\" class=\"has-inline-color has-headings-color\">In der heutigen oftmals hektischen Zeit passiert genau eines \u2013 viele Dinge geraten in Vergessenheit. Denn die Bilder vor dem inneren Auge verblassen irgendwann und man kann sich nicht mehr an die vielen sch\u00f6nen Details unseres Lebens erinnern. Selbst beim Nachwuchs rennt die Zeit oft so schnell, dass man bereits nach kurzer Zeit kaum noch wei\u00df, wie klein das eigene Baby einmal war. <\/mark><\/p>\n\n\n\n<p class=\"has-text-align-center\"><mark style=\"background-color:rgba(0, 0, 0, 0)\" class=\"has-inline-color has-headings-color\">Daher m\u00f6chte ich diese ganz besonderen Momente f\u00fcr euch festhalten, euch ein L\u00e4cheln ins Gesicht zaubern und viele dieser Momente ewig wirken lassen. <\/mark><\/p>\n<\/div><\/div>\n<\/div><\/div>\n\n\n\n<p><\/p>\n","protected":false},"excerpt":{"rendered":"<p>Was gibt es \u00fcber mich zu sagen? Ich bin Mama von 2 wundervollen S\u00f6hnen, verheiratet, liebe es zu lachen, bin\u00a0lebensfroh, authentisch\u00a0und\u00a0detailverliebt,\u00a0ich w\u00fcrde oftmals\u00a0gerne die Zeit &hellip;<\/p>\n","protected":false},"author":1,"featured_media":0,"parent":0,"menu_order":1,"comment_status":"closed","ping_status":"closed","template":"","meta":{"advgb_blocks_editor_width":"","advgb_blocks_columns_visual_guide":"","footnotes":""},"aioseo_notices":[],"coauthors":[],"author_meta":{"author_link":"https:\/\/haeckl02.bn-paf.de\/index.php\/author\/haecklwp\/","display_name":"admin"},"relative_dates":{"created":"Posted 4 Jahren ago","modified":"Updated 9 Monaten ago"},"absolute_dates":{"created":"Posted on 21. September 2020","modified":"Updated on 29. Dezember 2023"},"absolute_dates_time":{"created":"Posted on 21. September 2020 08:46","modified":"Updated on 29. Dezember 2023 22:17"},"featured_img_caption":"","featured_img":false,"series_order":"","_links":{"self":[{"href":"https:\/\/haeckl02.bn-paf.de\/index.php\/wp-json\/wp\/v2\/pages\/2"}],"collection":[{"href":"https:\/\/haeckl02.bn-paf.de\/index.php\/wp-json\/wp\/v2\/pages"}],"about":[{"href":"https:\/\/haeckl02.bn-paf.de\/index.php\/wp-json\/wp\/v2\/types\/page"}],"author":[{"embeddable":true,"href":"https:\/\/haeckl02.bn-paf.de\/index.php\/wp-json\/wp\/v2\/users\/1"}],"replies":[{"embeddable":true,"href":"https:\/\/haeckl02.bn-paf.de\/index.php\/wp-json\/wp\/v2\/comments?post=2"}],"version-history":[{"count":188,"href":"https:\/\/haeckl02.bn-paf.de\/index.php\/wp-json\/wp\/v2\/pages\/2\/revisions"}],"predecessor-version":[{"id":1948,"href":"https:\/\/haeckl02.bn-paf.de\/index.php\/wp-json\/wp\/v2\/pages\/2\/revisions\/1948"}],"wp:attachment":[{"href":"https:\/\/haeckl02.bn-paf.de\/index.php\/wp-json\/wp\/v2\/media?parent=2"}],"curies":[{"name":"wp","href":"https:\/\/api.w.org\/{rel}","templated":true}]}}